{"id":58,"date":"2025-12-29T14:07:21","date_gmt":"2025-12-29T13:07:21","guid":{"rendered":"https:\/\/plumeconciergerie.fr\/?page_id=58"},"modified":"2026-03-30T21:11:29","modified_gmt":"2026-03-30T19:11:29","slug":"lesprit-plume","status":"publish","type":"page","link":"https:\/\/plumeconciergerie.fr\/index.php\/lesprit-plume\/","title":{"rendered":"L\u2019esprit Plume"},"content":{"rendered":"\t\t<div data-elementor-type=\"wp-page\" data-elementor-id=\"58\" class=\"elementor elementor-58\">\n\t\t\t\t<div class=\"elementor-element elementor-element-3f747a93 e-con-full e-flex e-con e-parent\" data-id=\"3f747a93\" data-element_type=\"container\" data-e-type=\"container\" data-settings=\"{&quot;background_background&quot;:&quot;classic&quot;,&quot;shape_divider_bottom&quot;:&quot;waves&quot;,&quot;shape_divider_bottom_negative&quot;:&quot;yes&quot;}\">\n\t\t\t\t<div class=\"elementor-shape elementor-shape-bottom\" aria-hidden=\"true\" data-negative=\"true\">\n\t\t\t<svg xmlns=\"http:\/\/www.w3.org\/2000\/svg\" viewBox=\"0 0 1000 100\" preserveAspectRatio=\"none\">\n\t<path class=\"elementor-shape-fill\" d=\"M790.5,93.1c-59.3-5.3-116.8-18-192.6-50c-29.6-12.7-76.9-31-100.5-35.9c-23.6-4.9-52.6-7.8-75.5-5.3\n\tc-10.2,1.1-22.6,1.4-50.1,7.4c-27.2,6.3-58.2,16.6-79.4,24.7c-41.3,15.9-94.9,21.9-134,22.6C72,58.2,0,25.8,0,25.8V100h1000V65.3\n\tc0,0-51.5,19.4-106.2,25.7C839.5,97,814.1,95.2,790.5,93.1z\"\/>\n<\/svg>\t\t<\/div>\n\t\t<div class=\"elementor-element elementor-element-7de613a2 e-con-full e-flex e-con e-child\" data-id=\"7de613a2\" data-element_type=\"container\" data-e-type=\"container\" data-settings=\"{&quot;background_background&quot;:&quot;classic&quot;}\">\n\t\t\t\t<\/div>\n\t\t<div class=\"elementor-element elementor-element-6b76f349 e-con-full e-flex e-con e-child\" data-id=\"6b76f349\" data-element_type=\"container\" data-e-type=\"container\">\n\t\t\t\t<div class=\"elementor-element elementor-element-7bfce94 elementor-widget elementor-widget-heading\" data-id=\"7bfce94\" data-element_type=\"widget\" data-e-type=\"widget\" data-widget_type=\"heading.default\">\n\t\t\t\t\t<h1 class=\"elementor-heading-title elementor-size-default\">L\u2019Esprit Plume<\/h1>\t\t\t\t<\/div>\n\t\t\t\t<div class=\"elementor-element elementor-element-3bcec815 elementor-widget elementor-widget-image\" data-id=\"3bcec815\" data-element_type=\"widget\" data-e-type=\"widget\" data-widget_type=\"image.default\">\n\t\t\t\t\t\t\t\t\t\t\t\t\t\t\t<img decoding=\"async\" width=\"242\" height=\"22\" src=\"https:\/\/plumeconciergerie.fr\/wp-content\/uploads\/2026\/02\/ll9-e1770455210902.png\" class=\"attachment-large size-large wp-image-1398\" alt=\"\" \/>\t\t\t\t\t\t\t\t\t\t\t\t\t\t\t<\/div>\n\t\t\t\t<div class=\"elementor-element elementor-element-58ac2414 elementor-widget elementor-widget-text-editor\" data-id=\"58ac2414\" data-element_type=\"widget\" data-e-type=\"widget\" data-widget_type=\"text-editor.default\">\n\t\t\t\t\t\t\t\t\t<p>Plume est n\u00e9e d\u2019une passion.&nbsp;<br>Une histoire de d\u00e9tails, de rencontres&#8230; et d\u2019un vrai coup de c\u0153ur pour l\u2019accueil.<\/p>\t\t\t\t\t\t\t\t<\/div>\n\t\t\t\t<\/div>\n\t\t\t\t<\/div>\n\t\t<div class=\"elementor-element elementor-element-3d4a4c3 e-flex e-con-boxed e-con e-parent\" data-id=\"3d4a4c3\" data-element_type=\"container\" data-e-type=\"container\" data-settings=\"{&quot;background_background&quot;:&quot;classic&quot;}\">\n\t\t\t\t\t<div class=\"e-con-inner\">\n\t\t<div class=\"elementor-element elementor-element-95793ab e-con-full e-flex elementor-invisible e-con e-child\" data-id=\"95793ab\" data-element_type=\"container\" data-e-type=\"container\" data-settings=\"{&quot;animation&quot;:&quot;fadeInLeft&quot;}\">\n\t\t\t\t<div class=\"elementor-element elementor-element-d2c5264 elementor-widget elementor-widget-image\" data-id=\"d2c5264\" data-element_type=\"widget\" data-e-type=\"widget\" data-widget_type=\"image.default\">\n\t\t\t\t\t\t\t\t\t\t\t\t\t\t\t<img fetchpriority=\"high\" decoding=\"async\" width=\"480\" height=\"640\" src=\"https:\/\/plumeconciergerie.fr\/wp-content\/uploads\/2026\/02\/qui-suis-je.png\" class=\"attachment-large size-large wp-image-1744\" alt=\"\" srcset=\"https:\/\/plumeconciergerie.fr\/wp-content\/uploads\/2026\/02\/qui-suis-je.png 480w, https:\/\/plumeconciergerie.fr\/wp-content\/uploads\/2026\/02\/qui-suis-je-225x300.png 225w\" sizes=\"(max-width: 480px) 100vw, 480px\" \/>\t\t\t\t\t\t\t\t\t\t\t\t\t\t\t<\/div>\n\t\t\t\t<\/div>\n\t\t<div class=\"elementor-element elementor-element-4305fa3 e-con-full e-flex elementor-invisible e-con e-child\" data-id=\"4305fa3\" data-element_type=\"container\" data-e-type=\"container\" data-settings=\"{&quot;animation&quot;:&quot;fadeInRight&quot;}\">\n\t\t<div class=\"elementor-element elementor-element-18328ba e-con-full e-flex e-con e-child\" data-id=\"18328ba\" data-element_type=\"container\" data-e-type=\"container\">\n\t\t\t\t<div class=\"elementor-element elementor-element-35ac7e8 elementor-widget__width-initial elementor-widget elementor-widget-image\" data-id=\"35ac7e8\" data-element_type=\"widget\" data-e-type=\"widget\" data-widget_type=\"image.default\">\n\t\t\t\t\t\t\t\t\t\t\t\t\t\t\t<img decoding=\"async\" width=\"480\" height=\"480\" src=\"https:\/\/plumeconciergerie.fr\/wp-content\/uploads\/2025\/12\/Favicon.png\" class=\"attachment-large size-large wp-image-202\" alt=\"\" srcset=\"https:\/\/plumeconciergerie.fr\/wp-content\/uploads\/2025\/12\/Favicon.png 480w, https:\/\/plumeconciergerie.fr\/wp-content\/uploads\/2025\/12\/Favicon-300x300.png 300w, https:\/\/plumeconciergerie.fr\/wp-content\/uploads\/2025\/12\/Favicon-150x150.png 150w\" sizes=\"(max-width: 480px) 100vw, 480px\" \/>\t\t\t\t\t\t\t\t\t\t\t\t\t\t\t<\/div>\n\t\t\t\t<div class=\"elementor-element elementor-element-ce433ee elementor-widget elementor-widget-text-editor\" data-id=\"ce433ee\" data-element_type=\"widget\" data-e-type=\"widget\" data-widget_type=\"text-editor.default\">\n\t\t\t\t\t\t\t\t\t<p><em>Je m\u2019appelle <strong>L\u00e9a<\/strong>\u00a0et j\u2019ai cr\u00e9e Plume car j\u2019aime les lieux qui racontent une histoire, ou l\u2019on le se sent bien et prendre soin des d\u00e9tails qui font la diff\u00e9rence.<\/em><b><\/b><\/p>\t\t\t\t\t\t\t\t<\/div>\n\t\t\t\t<\/div>\n\t\t\t\t<div class=\"elementor-element elementor-element-5a20a9a elementor-widget elementor-widget-text-editor\" data-id=\"5a20a9a\" data-element_type=\"widget\" data-e-type=\"widget\" data-widget_type=\"text-editor.default\">\n\t\t\t\t\t\t\t\t\t<p><em>Apr\u00e8s un dipl\u00f4me en <strong>gestion d\u2019entreprise et h\u00f4tellerie\/tourisme<\/strong>, j\u2019ai travaill\u00e9 pendant pr\u00e8s de <b>sept ans dans l\u2019h\u00f4tellerie 4 et 5 \u00e9toiles <\/b>de l&rsquo;Angleterre \u00e0 l&rsquo;Argentine, en passant par la Savoie et la Provence.<\/em><\/p><p>\u00a0<\/p><p><em><strong>J\u2019y ai appris l\u2019art du d\u00e9tail, le sens du service et l\u2019importance d\u2019un lieu bien pens\u00e9.<\/strong> J\u2019ai d\u00e9couvert que l\u2019exp\u00e9rience d\u2019un voyageur se joue dans ces gestes discrets que l\u2019on ne\u00a0remarque que lorsqu\u2019ils manquent.<\/em><\/p><p>\u00a0<\/p><p class=\"cvGsUA direction-ltr align-center para-style-body\"><em><span class=\"a_GcMg font-feature-liga-off font-feature-clig-off font-feature-calt-off text-decoration-none text-strikethrough-none\"><strong>Aveyronnaise d\u2019adoption depuis 8 ans<\/strong>, <\/span><span class=\"a_GcMg font-feature-liga-off font-feature-clig-off font-feature-calt-off text-decoration-none text-strikethrough-none\">j\u2019accompagne des artisans locaux\u00a0<\/span><span class=\"a_GcMg font-feature-liga-off font-feature-clig-off font-feature-calt-off text-decoration-none text-strikethrough-none\">dans leur <\/span><span class=\"a_GcMg font-feature-liga-off font-feature-clig-off font-feature-calt-off text-decoration-none text-strikethrough-none\">gestion administrative <\/span><span class=\"a_GcMg font-feature-liga-off font-feature-clig-off font-feature-calt-off text-decoration-none text-strikethrough-none\">au quotidien<\/span><span class=\"a_GcMg font-feature-liga-off font-feature-clig-off font-feature-calt-off text-decoration-none text-strikethrough-none\">.\u00a0<\/span><span class=\"a_GcMg font-feature-liga-off font-feature-clig-off font-feature-calt-off text-decoration-none text-strikethrough-none\">Mes valeurs : <\/span><span class=\"a_GcMg font-feature-liga-off font-feature-clig-off font-feature-calt-off text-decoration-none text-strikethrough-none\">rigueur<\/span><span class=\"a_GcMg font-feature-liga-off font-feature-clig-off font-feature-calt-off text-decoration-none text-strikethrough-none\">, <\/span><span class=\"a_GcMg font-feature-liga-off font-feature-clig-off font-feature-calt-off text-decoration-none text-strikethrough-none\">organisation <\/span><span class=\"a_GcMg font-feature-liga-off font-feature-clig-off font-feature-calt-off text-decoration-none text-strikethrough-none\">et<\/span><span class=\"a_GcMg font-feature-liga-off font-feature-clig-off font-feature-calt-off text-decoration-none text-strikethrough-none\"> polyvalence\u00a0<\/span><span class=\"a_GcMg font-feature-liga-off font-feature-clig-off font-feature-calt-off text-decoration-none text-strikethrough-none\">avec une envie : \u00eatre \u00e0 <\/span><span class=\"a_GcMg font-feature-liga-off font-feature-clig-off font-feature-calt-off text-decoration-none text-strikethrough-none\">l\u2019\u00e9coute<\/span><span class=\"a_GcMg font-feature-liga-off font-feature-clig-off font-feature-calt-off text-decoration-none text-strikethrough-none\"> de chacun\u00a0<\/span><span class=\"a_GcMg font-feature-liga-off font-feature-clig-off font-feature-calt-off text-decoration-none text-strikethrough-none\">pour r\u00e9pondre au mieux \u00e0 ses besoins.<\/span><\/em><\/p><p>\u00a0<\/p><p class=\"cvGsUA direction-ltr align-center para-style-body\"><em><span class=\"a_GcMg font-feature-liga-off font-feature-clig-off font-feature-calt-off text-decoration-none text-strikethrough-none\">Puis est venu <\/span><span class=\"a_GcMg font-feature-liga-off font-feature-clig-off font-feature-calt-off text-decoration-none text-strikethrough-none\">un<\/span> <span class=\"a_GcMg font-feature-liga-off font-feature-clig-off font-feature-calt-off text-decoration-none text-strikethrough-none\">d\u00e9clic<\/span><span class=\"a_GcMg font-feature-liga-off font-feature-clig-off font-feature-calt-off text-decoration-none text-strikethrough-none\"> : <\/span><span class=\"a_GcMg font-feature-liga-off font-feature-clig-off font-feature-calt-off text-decoration-none text-strikethrough-none\"><strong>g\u00e9rer mon propre logement en courte dur\u00e9e. <\/strong><\/span><span class=\"a_GcMg font-feature-liga-off font-feature-clig-off font-feature-calt-off text-decoration-none text-strikethrough-none\">Accueillir<\/span><span class=\"a_GcMg font-feature-liga-off font-feature-clig-off font-feature-calt-off text-decoration-none text-strikethrough-none\">, <\/span><span class=\"a_GcMg font-feature-liga-off font-feature-clig-off font-feature-calt-off text-decoration-none text-strikethrough-none\">pr\u00e9parer<\/span><span class=\"a_GcMg font-feature-liga-off font-feature-clig-off font-feature-calt-off text-decoration-none text-strikethrough-none\">, cr\u00e9er une <\/span><span class=\"a_GcMg font-feature-liga-off font-feature-clig-off font-feature-calt-off text-decoration-none text-strikethrough-none\">atmosph\u00e8re<\/span><span class=\"a_GcMg font-feature-liga-off font-feature-clig-off font-feature-calt-off text-decoration-none text-strikethrough-none\">\u2026\u00a0<\/span><span class=\"a_GcMg font-feature-liga-off font-feature-clig-off font-feature-calt-off text-decoration-none text-strikethrough-none\">j\u2019ai compris que je voulais mettre mon <\/span><span class=\"a_GcMg font-feature-liga-off font-feature-clig-off font-feature-calt-off text-decoration-none text-strikethrough-none\">savoir-faire<\/span><span class=\"a_GcMg font-feature-liga-off font-feature-clig-off font-feature-calt-off text-decoration-none text-strikethrough-none\"> et ma <\/span><span class=\"a_GcMg font-feature-liga-off font-feature-clig-off font-feature-calt-off text-decoration-none text-strikethrough-none\">passion\u00a0<\/span><span class=\"a_GcMg font-feature-liga-off font-feature-clig-off font-feature-calt-off text-decoration-none text-strikethrough-none\">au service d\u2019autres propri\u00e9taires,\u00a0<\/span><span class=\"a_GcMg font-feature-liga-off font-feature-clig-off font-feature-calt-off text-decoration-none text-strikethrough-none\">avec <\/span><strong><span class=\"a_GcMg font-feature-liga-off font-feature-clig-off font-feature-calt-off text-decoration-none text-strikethrough-none\">l<\/span><\/strong><span class=\"a_GcMg font-feature-liga-off font-feature-clig-off font-feature-calt-off text-decoration-none text-strikethrough-none\"><strong>a m\u00eame <\/strong><\/span><strong><span class=\"a_GcMg font-feature-liga-off font-feature-clig-off font-feature-calt-off text-decoration-none text-strikethrough-none\">attention<\/span><span class=\"a_GcMg font-feature-liga-off font-feature-clig-off font-feature-calt-off text-decoration-none text-strikethrough-none\">,\u00a0<\/span><span class=\"a_GcMg font-feature-liga-off font-feature-clig-off font-feature-calt-off text-decoration-none text-strikethrough-none\">la m\u00eame <\/span><span class=\"a_GcMg font-feature-liga-off font-feature-clig-off font-feature-calt-off text-decoration-none text-strikethrough-none\">exigence<\/span><span class=\"a_GcMg font-feature-liga-off font-feature-clig-off font-feature-calt-off text-decoration-none text-strikethrough-none\"> et la m\u00eame <\/span><span class=\"a_GcMg font-feature-liga-off font-feature-clig-off font-feature-calt-off text-decoration-none text-strikethrough-none\">douceur<\/span><span class=\"a_GcMg font-feature-liga-off font-feature-clig-off font-feature-calt-off text-decoration-none text-strikethrough-none\">.<\/span><\/strong><\/em><\/p><p><em>\u00a0<\/em><\/p><p><em>C\u2019est ainsi qu\u2019est n\u00e9 Plume !<\/em><\/p>\t\t\t\t\t\t\t\t<\/div>\n\t\t\t\t<div class=\"elementor-element elementor-element-bcc246a elementor-widget elementor-widget-image\" data-id=\"bcc246a\" data-element_type=\"widget\" data-e-type=\"widget\" data-widget_type=\"image.default\">\n\t\t\t\t\t\t\t\t\t\t\t\t\t\t\t<img decoding=\"async\" width=\"242\" height=\"22\" src=\"https:\/\/plumeconciergerie.fr\/wp-content\/uploads\/2026\/02\/ll9-e1770455210902.png\" class=\"attachment-large size-large wp-image-1398\" alt=\"\" \/>\t\t\t\t\t\t\t\t\t\t\t\t\t\t\t<\/div>\n\t\t\t\t<div class=\"elementor-element elementor-element-58b5fc4 elementor-widget elementor-widget-text-editor\" data-id=\"58b5fc4\" data-element_type=\"widget\" data-e-type=\"widget\" data-widget_type=\"text-editor.default\">\n\t\t\t\t\t\t\t\t\t<p><em>Mon ambition : sublimer chaque logement, simplifier la vie des propri\u00e9taires et offrir aux\u00a0voyageurs une exp\u00e9rience simple, fluide et m\u00e9morable.<\/em><\/p><p><em>\u00a0<\/em><\/p><p><em><span style=\"font-size: 1rem;\">Sublimer les lieux . Simplifier la vie<\/span><\/em><\/p><p><span style=\"font-size: 1rem;\">\u00a0<\/span><\/p><p><span style=\"font-size: 1rem;\"><b>L\u00e9a Creyssels<\/b><\/span><\/p>\t\t\t\t\t\t\t\t<\/div>\n\t\t\t\t<\/div>\n\t\t\t\t\t<\/div>\n\t\t\t\t<\/div>\n\t\t\t\t<\/div>\n\t\t","protected":false},"excerpt":{"rendered":"<p>L\u2019Esprit Plume Plume est n\u00e9e d\u2019une passion.&nbsp;Une histoire de d\u00e9tails, de rencontres&#8230; et d\u2019un vrai coup de c\u0153ur pour l\u2019accueil. Je m\u2019appelle L\u00e9a\u00a0et j\u2019ai cr\u00e9e Plume car j\u2019aime les lieux qui racontent une histoire, ou l\u2019on le se sent bien et prendre soin des d\u00e9tails qui font la diff\u00e9rence. Apr\u00e8s un dipl\u00f4me en gestion d\u2019entreprise [&hellip;]<\/p>\n","protected":false},"author":2,"featured_media":0,"parent":0,"menu_order":0,"comment_status":"closed","ping_status":"closed","template":"","meta":{"footnotes":""},"class_list":["post-58","page","type-page","status-publish","hentry"],"yoast_head":"<!-- This site is optimized with the Yoast SEO plugin v27.3 - https:\/\/yoast.com\/product\/yoast-seo-wordpress\/ -->\n<title>L\u2019esprit Plume \u2013 Accueil, d\u00e9tails et exp\u00e9rience pour propri\u00e9taires et voyageurs<\/title>\n<meta name=\"description\" content=\"D\u00e9couvrez L\u2019esprit Plume : je sublime chaque logement, j&#039;accompagne les propri\u00e9taires et je cr\u00e9e une exp\u00e9rience unique et m\u00e9morable pour vos voyageurs. - L\u00e9a\" \/>\n<meta name=\"robots\" content=\"index, follow, max-snippet:-1, max-image-preview:large, max-video-preview:-1\" \/>\n<link rel=\"canonical\" href=\"https:\/\/plumeconciergerie.fr\/index.php\/lesprit-plume\/\" \/>\n<meta property=\"og:locale\" content=\"fr_FR\" \/>\n<meta property=\"og:type\" content=\"article\" \/>\n<meta property=\"og:title\" content=\"L\u2019esprit Plume \u2013 Accueil, d\u00e9tails et exp\u00e9rience pour propri\u00e9taires et voyageurs\" \/>\n<meta property=\"og:description\" content=\"D\u00e9couvrez L\u2019esprit Plume : je sublime chaque logement, j&#039;accompagne les propri\u00e9taires et je cr\u00e9e une exp\u00e9rience unique et m\u00e9morable pour vos voyageurs. - L\u00e9a\" \/>\n<meta property=\"og:url\" content=\"https:\/\/plumeconciergerie.fr\/index.php\/lesprit-plume\/\" \/>\n<meta property=\"og:site_name\" content=\"Plume Conciergerie\" \/>\n<meta property=\"article:publisher\" content=\"https:\/\/www.facebook.com\/profile.php?id=61585924659357\" \/>\n<meta property=\"article:modified_time\" content=\"2026-03-30T19:11:29+00:00\" \/>\n<meta property=\"og:image\" content=\"http:\/\/plumeconciergerie.fr\/wp-content\/uploads\/2026\/02\/ll9-e1770455210902.png\" \/>\n<meta name=\"twitter:card\" content=\"summary_large_image\" \/>\n<meta name=\"twitter:label1\" content=\"Dur\u00e9e de lecture estim\u00e9e\" \/>\n\t<meta name=\"twitter:data1\" content=\"2 minutes\" \/>\n<script type=\"application\/ld+json\" class=\"yoast-schema-graph\">{\"@context\":\"https:\\\/\\\/schema.org\",\"@graph\":[{\"@type\":\"WebPage\",\"@id\":\"https:\\\/\\\/plumeconciergerie.fr\\\/index.php\\\/lesprit-plume\\\/\",\"url\":\"https:\\\/\\\/plumeconciergerie.fr\\\/index.php\\\/lesprit-plume\\\/\",\"name\":\"L\u2019esprit Plume \u2013 Accueil, d\u00e9tails et exp\u00e9rience pour propri\u00e9taires et voyageurs\",\"isPartOf\":{\"@id\":\"http:\\\/\\\/plumeconciergerie.fr\\\/#website\"},\"primaryImageOfPage\":{\"@id\":\"https:\\\/\\\/plumeconciergerie.fr\\\/index.php\\\/lesprit-plume\\\/#primaryimage\"},\"image\":{\"@id\":\"https:\\\/\\\/plumeconciergerie.fr\\\/index.php\\\/lesprit-plume\\\/#primaryimage\"},\"thumbnailUrl\":\"http:\\\/\\\/plumeconciergerie.fr\\\/wp-content\\\/uploads\\\/2026\\\/02\\\/ll9-e1770455210902.png\",\"datePublished\":\"2025-12-29T13:07:21+00:00\",\"dateModified\":\"2026-03-30T19:11:29+00:00\",\"description\":\"D\u00e9couvrez L\u2019esprit Plume : je sublime chaque logement, j'accompagne les propri\u00e9taires et je cr\u00e9e une exp\u00e9rience unique et m\u00e9morable pour vos voyageurs. - L\u00e9a\",\"breadcrumb\":{\"@id\":\"https:\\\/\\\/plumeconciergerie.fr\\\/index.php\\\/lesprit-plume\\\/#breadcrumb\"},\"inLanguage\":\"fr-FR\",\"potentialAction\":[{\"@type\":\"ReadAction\",\"target\":[\"https:\\\/\\\/plumeconciergerie.fr\\\/index.php\\\/lesprit-plume\\\/\"]}]},{\"@type\":\"ImageObject\",\"inLanguage\":\"fr-FR\",\"@id\":\"https:\\\/\\\/plumeconciergerie.fr\\\/index.php\\\/lesprit-plume\\\/#primaryimage\",\"url\":\"https:\\\/\\\/plumeconciergerie.fr\\\/wp-content\\\/uploads\\\/2026\\\/02\\\/ll9-e1770455210902.png\",\"contentUrl\":\"https:\\\/\\\/plumeconciergerie.fr\\\/wp-content\\\/uploads\\\/2026\\\/02\\\/ll9-e1770455210902.png\",\"width\":242,\"height\":22},{\"@type\":\"BreadcrumbList\",\"@id\":\"https:\\\/\\\/plumeconciergerie.fr\\\/index.php\\\/lesprit-plume\\\/#breadcrumb\",\"itemListElement\":[{\"@type\":\"ListItem\",\"position\":1,\"name\":\"Accueil\",\"item\":\"http:\\\/\\\/plumeconciergerie.fr\\\/\"},{\"@type\":\"ListItem\",\"position\":2,\"name\":\"L\u2019esprit Plume\"}]},{\"@type\":\"WebSite\",\"@id\":\"http:\\\/\\\/plumeconciergerie.fr\\\/#website\",\"url\":\"http:\\\/\\\/plumeconciergerie.fr\\\/\",\"name\":\"Plume Conciergerie\",\"description\":\"\",\"publisher\":{\"@id\":\"http:\\\/\\\/plumeconciergerie.fr\\\/#organization\"},\"potentialAction\":[{\"@type\":\"SearchAction\",\"target\":{\"@type\":\"EntryPoint\",\"urlTemplate\":\"http:\\\/\\\/plumeconciergerie.fr\\\/?s={search_term_string}\"},\"query-input\":{\"@type\":\"PropertyValueSpecification\",\"valueRequired\":true,\"valueName\":\"search_term_string\"}}],\"inLanguage\":\"fr-FR\"},{\"@type\":\"Organization\",\"@id\":\"http:\\\/\\\/plumeconciergerie.fr\\\/#organization\",\"name\":\"Plume Conciergerie\",\"url\":\"http:\\\/\\\/plumeconciergerie.fr\\\/\",\"logo\":{\"@type\":\"ImageObject\",\"inLanguage\":\"fr-FR\",\"@id\":\"http:\\\/\\\/plumeconciergerie.fr\\\/#\\\/schema\\\/logo\\\/image\\\/\",\"url\":\"https:\\\/\\\/plumeconciergerie.fr\\\/wp-content\\\/uploads\\\/2025\\\/12\\\/Logo-e1768210402356.png\",\"contentUrl\":\"https:\\\/\\\/plumeconciergerie.fr\\\/wp-content\\\/uploads\\\/2025\\\/12\\\/Logo-e1768210402356.png\",\"width\":253,\"height\":119,\"caption\":\"Plume Conciergerie\"},\"image\":{\"@id\":\"http:\\\/\\\/plumeconciergerie.fr\\\/#\\\/schema\\\/logo\\\/image\\\/\"},\"sameAs\":[\"https:\\\/\\\/www.facebook.com\\\/profile.php?id=61585924659357\",\"https:\\\/\\\/www.instagram.com\\\/plume.conciergerie\\\/\"]}]}<\/script>\n<!-- \/ Yoast SEO plugin. -->","yoast_head_json":{"title":"L\u2019esprit Plume \u2013 Accueil, d\u00e9tails et exp\u00e9rience pour propri\u00e9taires et voyageurs","description":"D\u00e9couvrez L\u2019esprit Plume : je sublime chaque logement, j'accompagne les propri\u00e9taires et je cr\u00e9e une exp\u00e9rience unique et m\u00e9morable pour vos voyageurs. - L\u00e9a","robots":{"index":"index","follow":"follow","max-snippet":"max-snippet:-1","max-image-preview":"max-image-preview:large","max-video-preview":"max-video-preview:-1"},"canonical":"https:\/\/plumeconciergerie.fr\/index.php\/lesprit-plume\/","og_locale":"fr_FR","og_type":"article","og_title":"L\u2019esprit Plume \u2013 Accueil, d\u00e9tails et exp\u00e9rience pour propri\u00e9taires et voyageurs","og_description":"D\u00e9couvrez L\u2019esprit Plume : je sublime chaque logement, j'accompagne les propri\u00e9taires et je cr\u00e9e une exp\u00e9rience unique et m\u00e9morable pour vos voyageurs. - L\u00e9a","og_url":"https:\/\/plumeconciergerie.fr\/index.php\/lesprit-plume\/","og_site_name":"Plume Conciergerie","article_publisher":"https:\/\/www.facebook.com\/profile.php?id=61585924659357","article_modified_time":"2026-03-30T19:11:29+00:00","og_image":[{"url":"http:\/\/plumeconciergerie.fr\/wp-content\/uploads\/2026\/02\/ll9-e1770455210902.png","type":"","width":"","height":""}],"twitter_card":"summary_large_image","twitter_misc":{"Dur\u00e9e de lecture estim\u00e9e":"2 minutes"},"schema":{"@context":"https:\/\/schema.org","@graph":[{"@type":"WebPage","@id":"https:\/\/plumeconciergerie.fr\/index.php\/lesprit-plume\/","url":"https:\/\/plumeconciergerie.fr\/index.php\/lesprit-plume\/","name":"L\u2019esprit Plume \u2013 Accueil, d\u00e9tails et exp\u00e9rience pour propri\u00e9taires et voyageurs","isPartOf":{"@id":"http:\/\/plumeconciergerie.fr\/#website"},"primaryImageOfPage":{"@id":"https:\/\/plumeconciergerie.fr\/index.php\/lesprit-plume\/#primaryimage"},"image":{"@id":"https:\/\/plumeconciergerie.fr\/index.php\/lesprit-plume\/#primaryimage"},"thumbnailUrl":"http:\/\/plumeconciergerie.fr\/wp-content\/uploads\/2026\/02\/ll9-e1770455210902.png","datePublished":"2025-12-29T13:07:21+00:00","dateModified":"2026-03-30T19:11:29+00:00","description":"D\u00e9couvrez L\u2019esprit Plume : je sublime chaque logement, j'accompagne les propri\u00e9taires et je cr\u00e9e une exp\u00e9rience unique et m\u00e9morable pour vos voyageurs. - L\u00e9a","breadcrumb":{"@id":"https:\/\/plumeconciergerie.fr\/index.php\/lesprit-plume\/#breadcrumb"},"inLanguage":"fr-FR","potentialAction":[{"@type":"ReadAction","target":["https:\/\/plumeconciergerie.fr\/index.php\/lesprit-plume\/"]}]},{"@type":"ImageObject","inLanguage":"fr-FR","@id":"https:\/\/plumeconciergerie.fr\/index.php\/lesprit-plume\/#primaryimage","url":"https:\/\/plumeconciergerie.fr\/wp-content\/uploads\/2026\/02\/ll9-e1770455210902.png","contentUrl":"https:\/\/plumeconciergerie.fr\/wp-content\/uploads\/2026\/02\/ll9-e1770455210902.png","width":242,"height":22},{"@type":"BreadcrumbList","@id":"https:\/\/plumeconciergerie.fr\/index.php\/lesprit-plume\/#breadcrumb","itemListElement":[{"@type":"ListItem","position":1,"name":"Accueil","item":"http:\/\/plumeconciergerie.fr\/"},{"@type":"ListItem","position":2,"name":"L\u2019esprit Plume"}]},{"@type":"WebSite","@id":"http:\/\/plumeconciergerie.fr\/#website","url":"http:\/\/plumeconciergerie.fr\/","name":"Plume Conciergerie","description":"","publisher":{"@id":"http:\/\/plumeconciergerie.fr\/#organization"},"potentialAction":[{"@type":"SearchAction","target":{"@type":"EntryPoint","urlTemplate":"http:\/\/plumeconciergerie.fr\/?s={search_term_string}"},"query-input":{"@type":"PropertyValueSpecification","valueRequired":true,"valueName":"search_term_string"}}],"inLanguage":"fr-FR"},{"@type":"Organization","@id":"http:\/\/plumeconciergerie.fr\/#organization","name":"Plume Conciergerie","url":"http:\/\/plumeconciergerie.fr\/","logo":{"@type":"ImageObject","inLanguage":"fr-FR","@id":"http:\/\/plumeconciergerie.fr\/#\/schema\/logo\/image\/","url":"https:\/\/plumeconciergerie.fr\/wp-content\/uploads\/2025\/12\/Logo-e1768210402356.png","contentUrl":"https:\/\/plumeconciergerie.fr\/wp-content\/uploads\/2025\/12\/Logo-e1768210402356.png","width":253,"height":119,"caption":"Plume Conciergerie"},"image":{"@id":"http:\/\/plumeconciergerie.fr\/#\/schema\/logo\/image\/"},"sameAs":["https:\/\/www.facebook.com\/profile.php?id=61585924659357","https:\/\/www.instagram.com\/plume.conciergerie\/"]}]}},"_links":{"self":[{"href":"https:\/\/plumeconciergerie.fr\/index.php\/wp-json\/wp\/v2\/pages\/58","targetHints":{"allow":["GET"]}}],"collection":[{"href":"https:\/\/plumeconciergerie.fr\/index.php\/wp-json\/wp\/v2\/pages"}],"about":[{"href":"https:\/\/plumeconciergerie.fr\/index.php\/wp-json\/wp\/v2\/types\/page"}],"author":[{"embeddable":true,"href":"https:\/\/plumeconciergerie.fr\/index.php\/wp-json\/wp\/v2\/users\/2"}],"replies":[{"embeddable":true,"href":"https:\/\/plumeconciergerie.fr\/index.php\/wp-json\/wp\/v2\/comments?post=58"}],"version-history":[{"count":3,"href":"https:\/\/plumeconciergerie.fr\/index.php\/wp-json\/wp\/v2\/pages\/58\/revisions"}],"predecessor-version":[{"id":2773,"href":"https:\/\/plumeconciergerie.fr\/index.php\/wp-json\/wp\/v2\/pages\/58\/revisions\/2773"}],"wp:attachment":[{"href":"https:\/\/plumeconciergerie.fr\/index.php\/wp-json\/wp\/v2\/media?parent=58"}],"curies":[{"name":"wp","href":"https:\/\/api.w.org\/{rel}","templated":true}]}}